{"id":41,"date":"2013-04-15T20:13:11","date_gmt":"2013-04-15T20:13:11","guid":{"rendered":"http:\/\/tjsokolchornice.cz\/?page_id=41"},"modified":"2018-12-12T12:35:31","modified_gmt":"2018-12-12T12:35:31","slug":"historie-organizace","status":"publish","type":"page","link":"https:\/\/tjsokolchornice.cz\/?page_id=41","title":{"rendered":"Historie organizace"},"content":{"rendered":"<p style=\"text-align: justify;\">&nbsp;&nbsp; &nbsp;&nbsp;&nbsp;&nbsp;&nbsp;&nbsp;&nbsp;&nbsp;&nbsp;&nbsp;&nbsp;&nbsp;&nbsp;&nbsp;&nbsp; T\u011blov\u00fdchovn\u00e1 jednota Sokol je z\u00e1kladem sportovn\u00ed \u010dinnosti v&nbsp;Chornic\u00edch, zalo\u017een\u00e1 tu v&nbsp;z\u00e1\u0159\u00ed 1945, tehdy pouze jako odbo\u010dka Sokola jev\u00ed\u010dsk\u00e9ho. Zakl\u00e1daj\u00edc\u00edmi \u010dleny t\u00e9to vlasteneck\u00e9 organizace byli Arnold Mar\u0161\u00e1lek &#8211; tehdej\u0161\u00ed \u0159editel \u0161koly, Rudolf Kal\u00e1b \u2013 u\u010ditel, Alois Proch\u00e1zka \u2013 tra\u0165mistr, Josef \u0160vec \u2013 v\u00fdprav\u010d\u00ed, Vladim\u00edr Hrazd\u00edra \u2013 u\u010ditel a Franti\u0161ek Mach\u00e1\u010dek \u2013 obchodn\u00edk. Ti v\u0161ichni m\u011bli v\u0159el\u00fd vztah ke sportov\u00e1n\u00ed a aktivn\u00edmu odpo\u010dinku. Ji\u017e v&nbsp;prvn\u00edm roce \u010dinnosti sokolsk\u00e9 organizace se jmenovan\u00fdm poda\u0159ilo prost\u0159ednictv\u00edm p\u0159\u00e1tel v&nbsp;jin\u00fdch obc\u00edch a m\u011bstech z\u00edskat pro Chornice bradla, kon\u011b a hrazdu, kozu, kruhy, \u0161v\u00e9dskou bednu a \u017e\u00edn\u011bnku. Cvi\u010dilo se ve \u0161koln\u00ed t\u011blocvi\u010dn\u011b. Pom\u011brn\u011b z\u00e1hy se do \u010dinnosti organizace zapojilo p\u0159ibli\u017en\u011b sedm des\u00edtek chornick\u00fdch ob\u010dan\u016f, zejm\u00e9na ml\u00e1de\u017e. Po roce \u010dinnosti uspo\u0159\u00e1dal Sokol za pomoci okoln\u00edch jednot ve\u0159ejn\u00e9 cvi\u010den\u00ed, kter\u00e9 p\u0159edvedl i v&nbsp;sousedn\u00edch obc\u00edch. V&nbsp;roce 1948 vznikl jako samostatn\u00e1 odno\u017e Sokola ochotnick\u00fd soubor, kter\u00fd sehr\u00e1l \u0159adu \u00fasp\u011b\u0161n\u00fdch divadeln\u00edch p\u0159edstaven\u00ed, zejm\u00e9na klasick\u00e9ho reperto\u00e1ru a s&nbsp;budovatelskou tematikou. Zah\u00e1jena byla rovn\u011b\u017e \u00faprava fotbalov\u00e9ho h\u0159i\u0161t\u011b.<\/p>\n<p style=\"text-align: justify;\">&nbsp;&nbsp;&nbsp;&nbsp;&nbsp;&nbsp;&nbsp;&nbsp;&nbsp;&nbsp;&nbsp;&nbsp;&nbsp;&nbsp;&nbsp; V&nbsp;roce 1949 byl Sokol p\u0159ejmenov\u00e1n na TJ Jiskra, co\u017e bezprost\u0159edn\u011b souviselo s&nbsp;tehdej\u0161\u00edm politick\u00fdm v\u00fdvojem. Sportovn\u00ed odd\u00edl se dostal pod patronaci n\u00e1rodn\u00edho podniku Kras. I kdy\u017e se v&nbsp;roce 1957 do\u0161lo k&nbsp;op\u011btovn\u00e9mu p\u0159ejmenov\u00e1n\u00ed na TJ Sokol, \u010dinnost organizace se pohybovala v&nbsp;r\u016fzn\u00fdch period\u00e1ch, od prakticky nulov\u00e9 k&nbsp;mimo\u0159\u00e1dn\u011b aktivn\u00ed, zejm\u00e9na v\u017edy v&nbsp;souvislosti s&nbsp;bl\u00ed\u017e\u00edc\u00edmi se n\u00e1cviky na celost\u00e1tn\u00ed spartaki\u00e1dy. Nejv\u011bt\u0161\u00edho vzestupu bylo zaznamen\u00e1no v&nbsp;roce 1957, kdy se ve\u0159ejn\u00e9ho cvi\u010den\u00ed na h\u0159i\u0161ti z\u00fa\u010dastnilo v\u00edce ne\u017e t\u0159istat\u0159icet cvi\u010denc\u016f v\u0161ech v\u011bkov\u00fdch kategori\u00ed. Na spartaki\u00e1du v&nbsp;roce 1985 nacvi\u010dilo v&nbsp;Chornic\u00edch skladbu rodi\u010d\u016f s&nbsp;d\u011btmi deset p\u00e1r\u016f, skladbu \u017een osmn\u00e1ct cvi\u010denek a skladbu mlad\u0161\u00edch \u017e\u00e1k\u016f stejn\u00fd po\u010det cvi\u010denc\u016f.<\/p>\n<p>&nbsp;&nbsp;&nbsp;&nbsp;&nbsp;&nbsp;&nbsp;&nbsp;&nbsp;&nbsp;&nbsp;&nbsp;&nbsp;&nbsp;&nbsp; Sokol v&nbsp;letech 1986-87 vedl dev\u00edti\u010dlenn\u00fd v\u00fdbor: Ji\u0159\u00ed V\u00e1clavek, Josef Zezula, Stanislava Krej\u010d\u00ed\u0159ov\u00e1, Fr. Koutn\u00fd, Fr. Vafka, M. Appelov\u00e1, Drah. Majer, Vl. \u010cernohous a Josef Jel\u00ednek. Jednota m\u011bla 5 cvi\u010ditel\u016f, 4 tren\u00e9ry, 2 rozhod\u010d\u00ed a zdravotn\u00edka. Do roku 1990 pak \u010dinnost prob\u00edhala zejm\u00e9na v&nbsp;odd\u00edlech z\u00e1jmov\u00e9 a rekrea\u010dn\u00ed t\u011blov\u00fdchovy, kulturistiky a pochopiteln\u011b kopan\u00e9.<\/p>\n<p>Literatura:<\/p>\n<p>KOU\u0158IL, F. (1994). <i>Mal\u00e9 d\u011bjiny Chornic. <\/i>Velk\u00e9 Opatovice, MSKS.<\/p>\n<p>KOUDELKA, O. (2008). <i>Chornice aneb stalet\u00ed pod \u0161t\u00edhlou kr\u00e1skou<\/i>. Obec Chornice<\/p>\n","protected":false},"excerpt":{"rendered":"<p>&nbsp;&nbsp; &nbsp;&nbsp;&nbsp;&nbsp;&nbsp;&nbsp;&nbsp;&nbsp;&nbsp;&nbsp;&nbsp;&nbsp;&nbsp;&nbsp;&nbsp; T\u011blov\u00fdchovn\u00e1 jednota Sokol je z\u00e1kladem sportovn\u00ed \u010dinnosti v&nbsp;Chornic\u00edch, zalo\u017een\u00e1 tu v&nbsp;z\u00e1\u0159\u00ed 1945, tehdy pouze jako odbo\u010dka Sokola jev\u00ed\u010dsk\u00e9ho. Zakl\u00e1daj\u00edc\u00edmi \u010dleny t\u00e9to vlasteneck\u00e9 organizace byli Arnold Mar\u0161\u00e1lek &#8211; tehdej\u0161\u00ed \u0159editel \u0161koly, Rudolf Kal\u00e1b \u2013 u\u010ditel, Alois Proch\u00e1zka \u2013 tra\u0165mistr, Josef \u0160vec \u2013 v\u00fdprav\u010d\u00ed, Vladim\u00edr Hrazd\u00edra \u2013 u\u010ditel a Franti\u0161ek Mach\u00e1\u010dek \u2013 obchodn\u00edk. Ti v\u0161ichni &hellip; <a href=\"https:\/\/tjsokolchornice.cz\/?page_id=41\">Continue reading <span class=\"meta-nav\">&rarr;<\/span><\/a><\/p>\n","protected":false},"author":1,"featured_media":0,"parent":32,"menu_order":0,"comment_status":"closed","ping_status":"closed","template":"","meta":{"ngg_post_thumbnail":0},"_links":{"self":[{"href":"https:\/\/tjsokolchornice.cz\/index.php?rest_route=\/wp\/v2\/pages\/41"}],"collection":[{"href":"https:\/\/tjsokolchornice.cz\/index.php?rest_route=\/wp\/v2\/pages"}],"about":[{"href":"https:\/\/tjsokolchornice.cz\/index.php?rest_route=\/wp\/v2\/types\/page"}],"author":[{"embeddable":true,"href":"https:\/\/tjsokolchornice.cz\/index.php?rest_route=\/wp\/v2\/users\/1"}],"replies":[{"embeddable":true,"href":"https:\/\/tjsokolchornice.cz\/index.php?rest_route=%2Fwp%2Fv2%2Fcomments&post=41"}],"version-history":[{"count":5,"href":"https:\/\/tjsokolchornice.cz\/index.php?rest_route=\/wp\/v2\/pages\/41\/revisions"}],"predecessor-version":[{"id":2460,"href":"https:\/\/tjsokolchornice.cz\/index.php?rest_route=\/wp\/v2\/pages\/41\/revisions\/2460"}],"up":[{"embeddable":true,"href":"https:\/\/tjsokolchornice.cz\/index.php?rest_route=\/wp\/v2\/pages\/32"}],"wp:attachment":[{"href":"https:\/\/tjsokolchornice.cz\/index.php?rest_route=%2Fwp%2Fv2%2Fmedia&parent=41"}],"curies":[{"name":"wp","href":"https:\/\/api.w.org\/{rel}","templated":true}]}}