{"id":3109,"date":"2024-10-14T11:00:29","date_gmt":"2024-10-14T11:00:29","guid":{"rendered":"https:\/\/tjsokolchornice.cz\/?page_id=3109"},"modified":"2024-10-14T11:08:56","modified_gmt":"2024-10-14T11:08:56","slug":"sbirka-pro-jitusku-hovorkovou","status":"publish","type":"page","link":"https:\/\/tjsokolchornice.cz\/?page_id=3109","title":{"rendered":"Sb\u00edrka pro Jitu\u0161ku"},"content":{"rendered":"\n<p>TJ Sokol Chornice, z.s. po\u0159\u00e1d\u00e1 21. 9. 2024 od 15.00 hodin charitativn\u00ed akci na podporu Jitu\u0161ky Hovorkov\u00e9.<\/p>\n\n\n\n<p><\/p>\n","protected":false},"excerpt":{"rendered":"<p>TJ Sokol Chornice, z.s. po\u0159\u00e1d\u00e1 21. 9. 2024 od 15.00 hodin charitativn\u00ed akci na podporu Jitu\u0161ky Hovorkov\u00e9.<\/p>\n","protected":false},"author":1,"featured_media":0,"parent":212,"menu_order":0,"comment_status":"closed","ping_status":"closed","template":"","meta":{"ngg_post_thumbnail":0},"_links":{"self":[{"href":"https:\/\/tjsokolchornice.cz\/index.php?rest_route=\/wp\/v2\/pages\/3109"}],"collection":[{"href":"https:\/\/tjsokolchornice.cz\/index.php?rest_route=\/wp\/v2\/pages"}],"about":[{"href":"https:\/\/tjsokolchornice.cz\/index.php?rest_route=\/wp\/v2\/types\/page"}],"author":[{"embeddable":true,"href":"https:\/\/tjsokolchornice.cz\/index.php?rest_route=\/wp\/v2\/users\/1"}],"replies":[{"embeddable":true,"href":"https:\/\/tjsokolchornice.cz\/index.php?rest_route=%2Fwp%2Fv2%2Fcomments&post=3109"}],"version-history":[{"count":4,"href":"https:\/\/tjsokolchornice.cz\/index.php?rest_route=\/wp\/v2\/pages\/3109\/revisions"}],"predecessor-version":[{"id":3117,"href":"https:\/\/tjsokolchornice.cz\/index.php?rest_route=\/wp\/v2\/pages\/3109\/revisions\/3117"}],"up":[{"embeddable":true,"href":"https:\/\/tjsokolchornice.cz\/index.php?rest_route=\/wp\/v2\/pages\/212"}],"wp:attachment":[{"href":"https:\/\/tjsokolchornice.cz\/index.php?rest_route=%2Fwp%2Fv2%2Fmedia&parent=3109"}],"curies":[{"name":"wp","href":"https:\/\/api.w.org\/{rel}","templated":true}]}}