{"id":3025,"date":"2024-02-15T10:13:09","date_gmt":"2024-02-15T10:13:09","guid":{"rendered":"https:\/\/tjsokolchornice.cz\/?page_id=3025"},"modified":"2024-02-15T10:18:44","modified_gmt":"2024-02-15T10:18:44","slug":"sbirka-pro-emicku","status":"publish","type":"page","link":"https:\/\/tjsokolchornice.cz\/?page_id=3025","title":{"rendered":"Sb\u00edrka pro Emi\u010dku"},"content":{"rendered":"\n<p>TJ Sokol Chornice, z.s. ve spolupr\u00e1ci s SDH Chornice 30. 9. 2023 uspo\u0159\u00e1dali charitativn\u00ed akci Pom\u00e1h\u00e1me pohybem. <strong>V\u00fdt\u011b\u017eek z akce byl v\u011bnov\u00e1n Emi\u010dce M\u011bkotov\u00e9 z Kn\u00ednic, kter\u00e1 se sice narodila jako zdrav\u00e9 miminko, ale poporodn\u00ed komplikace j\u00ed zp\u016fsobily d\u011btskou mozkovou obrnu a do\u017eivotn\u011b p\u0159ipoutaly na l\u016f\u017eko.<\/strong><\/p>\n\n\n\n<p>V\u00edce o Emi\u010dce si m\u016f\u017eete p\u0159e\u010d\u00edst\u00a0<a href=\"https:\/\/tjsokolchornice.cz\/wp-content\/uploads\/2023\/09\/PRIBEH-EMICKY.pdf\">ZDE.<\/a><\/p>\n\n\n\n<p>Seznam cen a sponzor\u016f naleznete&nbsp;<a href=\"https:\/\/tjsokolchornice.cz\/wp-content\/uploads\/2023\/09\/seznam-cen-a-sponzoru.pdf\">ZDE.<\/a><\/p>\n","protected":false},"excerpt":{"rendered":"<p>TJ Sokol Chornice, z.s. ve spolupr\u00e1ci s SDH Chornice 30. 9. 2023 uspo\u0159\u00e1dali charitativn\u00ed akci Pom\u00e1h\u00e1me pohybem. V\u00fdt\u011b\u017eek z akce byl v\u011bnov\u00e1n Emi\u010dce M\u011bkotov\u00e9 z Kn\u00ednic, kter\u00e1 se sice narodila jako zdrav\u00e9 miminko, ale poporodn\u00ed komplikace j\u00ed zp\u016fsobily d\u011btskou mozkovou obrnu a do\u017eivotn\u011b p\u0159ipoutaly na l\u016f\u017eko. V\u00edce o Emi\u010dce si m\u016f\u017eete p\u0159e\u010d\u00edst\u00a0ZDE. Seznam cen a &hellip; <a href=\"https:\/\/tjsokolchornice.cz\/?page_id=3025\">Continue reading <span class=\"meta-nav\">&rarr;<\/span><\/a><\/p>\n","protected":false},"author":1,"featured_media":0,"parent":0,"menu_order":0,"comment_status":"closed","ping_status":"closed","template":"","meta":{"ngg_post_thumbnail":0},"_links":{"self":[{"href":"https:\/\/tjsokolchornice.cz\/index.php?rest_route=\/wp\/v2\/pages\/3025"}],"collection":[{"href":"https:\/\/tjsokolchornice.cz\/index.php?rest_route=\/wp\/v2\/pages"}],"about":[{"href":"https:\/\/tjsokolchornice.cz\/index.php?rest_route=\/wp\/v2\/types\/page"}],"author":[{"embeddable":true,"href":"https:\/\/tjsokolchornice.cz\/index.php?rest_route=\/wp\/v2\/users\/1"}],"replies":[{"embeddable":true,"href":"https:\/\/tjsokolchornice.cz\/index.php?rest_route=%2Fwp%2Fv2%2Fcomments&post=3025"}],"version-history":[{"count":4,"href":"https:\/\/tjsokolchornice.cz\/index.php?rest_route=\/wp\/v2\/pages\/3025\/revisions"}],"predecessor-version":[{"id":3030,"href":"https:\/\/tjsokolchornice.cz\/index.php?rest_route=\/wp\/v2\/pages\/3025\/revisions\/3030"}],"wp:attachment":[{"href":"https:\/\/tjsokolchornice.cz\/index.php?rest_route=%2Fwp%2Fv2%2Fmedia&parent=3025"}],"curies":[{"name":"wp","href":"https:\/\/api.w.org\/{rel}","templated":true}]}}