{"id":1055,"date":"2015-05-01T09:51:29","date_gmt":"2015-05-01T09:51:29","guid":{"rendered":"http:\/\/tjsokolchornice.cz\/?page_id=1055"},"modified":"2018-01-21T13:56:44","modified_gmt":"2018-01-21T13:56:44","slug":"chornicky-vandr-2015","status":"publish","type":"page","link":"https:\/\/tjsokolchornice.cz\/?page_id=1055","title":{"rendered":"Chornick\u00fd vandr 2016"},"content":{"rendered":"<h2>Chornick\u00fd vandr 2016<\/h2>\n<p><strong><a href=\"http:\/\/tjsokolchornice.cz\/wp-content\/uploads\/2016\/04\/plak\u00e1t-chornick\u00fd-vandr-2016.pdf\">Pl\u00e1kat akce<\/a><\/strong><\/p>\n<p><strong>Pl\u00e1novan\u00e9 trasy:<\/strong><\/p>\n<p>Trasa: <strong>Mrn\u011b<\/strong> &#8211; trasa pro nejmen\u0161\u00ed s ko\u010d\u00e1rky na rozcest\u00ed Pod Hu\u0161\u00e1kem a zp\u011bt, d\u00e9lka trasy&nbsp;<strong>7<\/strong><strong> km,&nbsp;<\/strong> na cest\u011b pozn\u00e1vac\u00ed sout\u011b\u017e a ob\u010derstven\u00ed.<br \/>\nTrasa: <a href=\"http:\/\/tjsokolchornice.cz\/akce\/trasa11km.pdf\">D\u011btsk\u00e1 trasa<strong> 11 km<\/strong><\/a><br \/>\nTrasa: <a href=\"http:\/\/tjsokolchornice.cz\/akce\/18km.pdf\">St\u0159edn\u00ed trasa<strong>&nbsp; 18 km<\/strong><\/a><br \/>\nTrasa: <a href=\"http:\/\/tjsokolchornice.cz\/akce\/trasa25km.pdf\">P\u011b\u0161\u00ed a cyklotrasa<strong> 25km<\/strong><\/a><br \/>\nTrasa: <a href=\"http:\/\/tjsokolchornice.cz\/wp-content\/uploads\/2016\/04\/50km2016.pdf\">Cyklotrasa <strong>50km<\/strong><\/a><\/p>\n<p>&nbsp;<\/p>\n<p>&nbsp;<\/p>\n","protected":false},"excerpt":{"rendered":"<p>Chornick\u00fd vandr 2016 Pl\u00e1kat akce Pl\u00e1novan\u00e9 trasy: Trasa: Mrn\u011b &#8211; trasa pro nejmen\u0161\u00ed s ko\u010d\u00e1rky na rozcest\u00ed Pod Hu\u0161\u00e1kem a zp\u011bt, d\u00e9lka trasy&nbsp;7 km,&nbsp; na cest\u011b pozn\u00e1vac\u00ed sout\u011b\u017e a ob\u010derstven\u00ed. Trasa: D\u011btsk\u00e1 trasa 11 km Trasa: St\u0159edn\u00ed trasa&nbsp; 18 km Trasa: P\u011b\u0161\u00ed a cyklotrasa 25km Trasa: Cyklotrasa 50km &nbsp; &nbsp;<\/p>\n","protected":false},"author":1,"featured_media":0,"parent":1876,"menu_order":0,"comment_status":"closed","ping_status":"closed","template":"","meta":{"ngg_post_thumbnail":0},"_links":{"self":[{"href":"https:\/\/tjsokolchornice.cz\/index.php?rest_route=\/wp\/v2\/pages\/1055"}],"collection":[{"href":"https:\/\/tjsokolchornice.cz\/index.php?rest_route=\/wp\/v2\/pages"}],"about":[{"href":"https:\/\/tjsokolchornice.cz\/index.php?rest_route=\/wp\/v2\/types\/page"}],"author":[{"embeddable":true,"href":"https:\/\/tjsokolchornice.cz\/index.php?rest_route=\/wp\/v2\/users\/1"}],"replies":[{"embeddable":true,"href":"https:\/\/tjsokolchornice.cz\/index.php?rest_route=%2Fwp%2Fv2%2Fcomments&post=1055"}],"version-history":[{"count":11,"href":"https:\/\/tjsokolchornice.cz\/index.php?rest_route=\/wp\/v2\/pages\/1055\/revisions"}],"predecessor-version":[{"id":1897,"href":"https:\/\/tjsokolchornice.cz\/index.php?rest_route=\/wp\/v2\/pages\/1055\/revisions\/1897"}],"up":[{"embeddable":true,"href":"https:\/\/tjsokolchornice.cz\/index.php?rest_route=\/wp\/v2\/pages\/1876"}],"wp:attachment":[{"href":"https:\/\/tjsokolchornice.cz\/index.php?rest_route=%2Fwp%2Fv2%2Fmedia&parent=1055"}],"curies":[{"name":"wp","href":"https:\/\/api.w.org\/{rel}","templated":true}]}}